{"id":42,"date":"2018-08-05T22:22:52","date_gmt":"2018-08-06T01:22:52","guid":{"rendered":"http:\/\/gardens-solucoes.com.br\/wifi\/?page_id=42"},"modified":"2018-08-06T01:03:32","modified_gmt":"2018-08-06T04:03:32","slug":"h9303","status":"publish","type":"page","link":"https:\/\/gardens-solucoes.com.br\/wifi\/produtos\/h9303\/","title":{"rendered":"H9303 &#8211; Hotspot\/Servidor Web Embarcado"},"content":{"rendered":"<div id=\"pl-42\"  class=\"panel-layout\"><div id=\"pg-42-0\"  class=\"panel-grid panel-no-style\"><div id=\"pgc-42-0-0\"  class=\"panel-grid-cell\"><div id=\"panel-42-0-0-0\" class=\"so-panel widget widget_sow-editor panel-first-child\" data-index=\"0\"><div\n\t\t\t\n\t\t\tclass=\"so-widget-sow-editor so-widget-sow-editor-base\">\n<div class=\"siteorigin-widget-tinymce textwidget\">\n\t<h1 style=\"text-align: center;\">H9303 Wi-Fi Media Router - Hotspot e Servidor Web Embarcado<\/h1>\n<p>&nbsp;<\/p>\n<h4><img decoding=\"async\" loading=\"lazy\" class=\"size-medium wp-image-70 aligncenter\" src=\"http:\/\/gardens-solucoes.com.br\/wifi\/wp-content\/uploads\/2018\/08\/20170609111151171-e1533523746581-300x275.png\" alt=\"\" width=\"300\" height=\"275\" srcset=\"https:\/\/gardens-solucoes.com.br\/wifi\/wp-content\/uploads\/2018\/08\/20170609111151171-e1533523746581-300x275.png 300w, https:\/\/gardens-solucoes.com.br\/wifi\/wp-content\/uploads\/2018\/08\/20170609111151171-e1533523746581.png 440w\" sizes=\"(max-width: 300px) 100vw, 300px\" \/><\/h4>\n<p>&nbsp;<\/p>\n<h4><strong>Ofere\u00e7a internet Wi-Fi de alta velocidade aos passageiros, com possibilidade de veicula\u00e7\u00e3o de an\u00fancios publicit\u00e1rios e distribui\u00e7\u00e3o de conte\u00fado de entretenimento offline em um \u00fanico equipamento!<\/strong><\/h4>\n<p><\/p><\/div><\/div><\/div><\/div><\/div><\/div><p> <a href=\"https:\/\/gardens-solucoes.com.br\/wifi\/produtos\/h9303\/#more-42\" class=\"more-link\">Leia mais<\/a><\/p>","protected":false},"excerpt":{"rendered":"<p>H9303 Wi-Fi Media Router &#8211; Hotspot e Servidor Web Embarcado &nbsp; &nbsp; Ofere\u00e7a internet Wi-Fi de alta velocidade aos passageiros, com possibilidade de veicula\u00e7\u00e3o de an\u00fancios publicit\u00e1rios e distribui\u00e7\u00e3o de conte\u00fado de entretenimento offline em um \u00fanico equipamento! Desempenho: O H9303 \u00e9 um roteador Wi-Fi de alta performance, baseado em&hellip; <\/p>\n","protected":false},"author":1,"featured_media":0,"parent":44,"menu_order":0,"comment_status":"closed","ping_status":"closed","template":"template-fullwidth-no-title.php","meta":[],"_links":{"self":[{"href":"https:\/\/gardens-solucoes.com.br\/wifi\/wp-json\/wp\/v2\/pages\/42"}],"collection":[{"href":"https:\/\/gardens-solucoes.com.br\/wifi\/wp-json\/wp\/v2\/pages"}],"about":[{"href":"https:\/\/gardens-solucoes.com.br\/wifi\/wp-json\/wp\/v2\/types\/page"}],"author":[{"embeddable":true,"href":"https:\/\/gardens-solucoes.com.br\/wifi\/wp-json\/wp\/v2\/users\/1"}],"replies":[{"embeddable":true,"href":"https:\/\/gardens-solucoes.com.br\/wifi\/wp-json\/wp\/v2\/comments?post=42"}],"version-history":[{"count":19,"href":"https:\/\/gardens-solucoes.com.br\/wifi\/wp-json\/wp\/v2\/pages\/42\/revisions"}],"predecessor-version":[{"id":121,"href":"https:\/\/gardens-solucoes.com.br\/wifi\/wp-json\/wp\/v2\/pages\/42\/revisions\/121"}],"up":[{"embeddable":true,"href":"https:\/\/gardens-solucoes.com.br\/wifi\/wp-json\/wp\/v2\/pages\/44"}],"wp:attachment":[{"href":"https:\/\/gardens-solucoes.com.br\/wifi\/wp-json\/wp\/v2\/media?parent=42"}],"curies":[{"name":"wp","href":"https:\/\/api.w.org\/{rel}","templated":true}]}}