{"id":31,"date":"2018-08-05T22:10:24","date_gmt":"2018-08-06T01:10:24","guid":{"rendered":"http:\/\/gardens-solucoes.com.br\/wifi\/?page_id=31"},"modified":"2018-08-06T00:00:10","modified_gmt":"2018-08-06T03:00:10","slug":"sobre","status":"publish","type":"page","link":"https:\/\/gardens-solucoes.com.br\/wifi\/sobre\/","title":{"rendered":"Sobre N\u00f3s"},"content":{"rendered":"<div id=\"pl-31\" class=\"panel-layout\">\n<div id=\"pg-31-0\" class=\"panel-grid panel-no-style\">\n<div id=\"pgc-31-0-0\" class=\"panel-grid-cell\" data-weight=\"1\">\n<div id=\"panel-31-0-0-0\" class=\"so-panel widget widget_sow-google-map panel-first-child panel-last-child\" data-index=\"0\">\n<div class=\"section-header\">\n<h1 class=\"white-text section-legend\">GARDENS SOLU\u00c7\u00d5ES DE CONECTIVIDADE EMBARCADA<\/h1>\n<\/div>\n<div class=\"row\">\n<div class=\"col-lg-6 col-md-6 column zerif-rtl-big-title\">\n<h1 data-scrollreveal=\"enter left after 0s over 1s\" data-sr-init=\"true\" data-sr-complete=\"true\"><img decoding=\"async\" loading=\"lazy\" class=\"wp-image-70  aligncenter\" src=\"http:\/\/gardens-solucoes.com.br\/wifi\/wp-content\/uploads\/2018\/08\/20170609111151171-e1533523746581-300x275.png\" alt=\"\" width=\"192\" height=\"176\" srcset=\"https:\/\/gardens-solucoes.com.br\/wifi\/wp-content\/uploads\/2018\/08\/20170609111151171-e1533523746581-300x275.png 300w, https:\/\/gardens-solucoes.com.br\/wifi\/wp-content\/uploads\/2018\/08\/20170609111151171-e1533523746581.png 440w\" sizes=\"(max-width: 192px) 100vw, 192px\" \/><\/h1>\n<h1 class=\"big-intro\" data-scrollreveal=\"enter left after 0s over 1s\" data-sr-init=\"true\" data-sr-complete=\"true\">Oferecendo a melhor experi\u00eancia em conectividade embarcada<\/h1>\n<p>&nbsp;<\/p>\n<\/div>\n<div class=\"col-lg-6 col-md-6 column zerif_about_us_center \" data-scrollreveal=\"enter bottom after 0s over 1s\" data-sr-init=\"true\" data-sr-complete=\"true\">\n<p>Acompanhando as tend\u00eancias tecnol\u00f3gicas para possibilitar um transporte p\u00fablico cada vez mais conectado, a GARDENS SOLU\u00c7\u00d5ES EM CONECTIVIDADE EMBARCADA trouxe em 2016 uma solu\u00e7\u00e3o completa de Wi-Fi embarcado.<\/p>\n<p>Homologado na ANATEL e na S\u00e3o Paulo Transporte (SPTRANS), o roteador\/servidor web embarcado H9303 al\u00e9m de oferecer acesso a uma internet gr\u00e1tis e de qualidade, atua como um canal para divulga\u00e7\u00e3o de m\u00eddias digitais, que podem trazer um retorno recorrente de campanhas publicit\u00e1rias.<\/p>\n<p>Tamb\u00e9m torna poss\u00edvel a implanta\u00e7\u00e3o de canais de entretenimento embarcado para os usu\u00e1rios mesmo onde n\u00e3o houver conectividade 3G\/4G, levando aos passageiros de \u00f4nibus um servi\u00e7o de qualidade com n\u00edvel de avia\u00e7\u00e3o.<\/p>\n<\/div>\n<\/div>\n<\/div>\n<\/div>\n<\/div>\n<\/div>\n","protected":false},"excerpt":{"rendered":"<p>GARDENS SOLU\u00c7\u00d5ES DE CONECTIVIDADE EMBARCADA Oferecendo a melhor experi\u00eancia em conectividade embarcada &nbsp; Acompanhando as tend\u00eancias tecnol\u00f3gicas para possibilitar um transporte p\u00fablico cada vez mais conectado, a GARDENS SOLU\u00c7\u00d5ES EM CONECTIVIDADE EMBARCADA trouxe em 2016 uma solu\u00e7\u00e3o completa de Wi-Fi embarcado. Homologado na ANATEL e na S\u00e3o Paulo Transporte (SPTRANS),&hellip; <\/p>\n","protected":false},"author":1,"featured_media":0,"parent":0,"menu_order":0,"comment_status":"closed","ping_status":"closed","template":"template-fullwidth-no-title.php","meta":[],"_links":{"self":[{"href":"https:\/\/gardens-solucoes.com.br\/wifi\/wp-json\/wp\/v2\/pages\/31"}],"collection":[{"href":"https:\/\/gardens-solucoes.com.br\/wifi\/wp-json\/wp\/v2\/pages"}],"about":[{"href":"https:\/\/gardens-solucoes.com.br\/wifi\/wp-json\/wp\/v2\/types\/page"}],"author":[{"embeddable":true,"href":"https:\/\/gardens-solucoes.com.br\/wifi\/wp-json\/wp\/v2\/users\/1"}],"replies":[{"embeddable":true,"href":"https:\/\/gardens-solucoes.com.br\/wifi\/wp-json\/wp\/v2\/comments?post=31"}],"version-history":[{"count":10,"href":"https:\/\/gardens-solucoes.com.br\/wifi\/wp-json\/wp\/v2\/pages\/31\/revisions"}],"predecessor-version":[{"id":85,"href":"https:\/\/gardens-solucoes.com.br\/wifi\/wp-json\/wp\/v2\/pages\/31\/revisions\/85"}],"wp:attachment":[{"href":"https:\/\/gardens-solucoes.com.br\/wifi\/wp-json\/wp\/v2\/media?parent=31"}],"curies":[{"name":"wp","href":"https:\/\/api.w.org\/{rel}","templated":true}]}}