{"id":114,"date":"2018-08-06T00:55:36","date_gmt":"2018-08-06T03:55:36","guid":{"rendered":"http:\/\/gardens-solucoes.com.br\/wifi\/?page_id=114"},"modified":"2019-09-23T07:12:18","modified_gmt":"2019-09-23T10:12:18","slug":"especificacoes-tecnicas","status":"publish","type":"page","link":"https:\/\/gardens-solucoes.com.br\/wifi\/produtos\/h9303\/especificacoes-tecnicas\/","title":{"rendered":"Especifica\u00e7\u00f5es T\u00e9cnicas"},"content":{"rendered":"<div id=\"pl-114\"  class=\"panel-layout\" ><div id=\"pg-114-0\"  class=\"panel-grid panel-no-style\" ><div id=\"pgc-114-0-0\"  class=\"panel-grid-cell\" ><div id=\"panel-114-0-0-0\" class=\"so-panel widget widget_sow-editor panel-first-child\" data-index=\"0\" ><div\n\t\t\t\n\t\t\tclass=\"so-widget-sow-editor so-widget-sow-editor-base\"\n\t\t\t\n\t\t>\n<div class=\"siteorigin-widget-tinymce textwidget\">\n\t<table width=\"2068\">\n<tbody>\n<tr>\n<td width=\"1034\"><b>MODELO<\/b><\/td>\n<td width=\"1034\"><b>GARDENS H9303<\/b><\/td>\n<\/tr>\n<tr>\n<td width=\"1034\">CPU<\/td>\n<td width=\"1034\">1GHz Dual Core<\/td>\n<\/tr>\n<tr>\n<td width=\"1034\">RAM<\/td>\n<td width=\"1034\">DDR 1GB<\/td>\n<\/tr>\n<tr>\n<td width=\"1034\">Armazenamento<\/td>\n<td width=\"1034\">128GB SSD (Extens\u00edvel at\u00e9 512GB)<\/td>\n<\/tr>\n<tr>\n<td width=\"1034\">Sistema operacional<\/td>\n<td width=\"1034\">LINUX<\/td>\n<\/tr>\n<tr>\n<td width=\"1034\">Rede Celular<\/td>\n<td width=\"1034\">WCDMA \/ CDMA EVDO \/ TD-SCDMA \/ TDD-LTE \/ FDD-LTE<\/td>\n<\/tr>\n<tr>\n<td width=\"1034\">Padr\u00e3o Ethernet<\/td>\n<td width=\"1034\">IEEE 802.3 \/ IEEE 802.3u<\/td>\n<\/tr>\n<tr>\n<td rowspan=\"2\" width=\"1034\">Par\u00e2metros Wi-Fi<\/td>\n<td width=\"1034\">802.11b\/g\/n (2.4Ghz) - 802.11a\/n\/ac (5Ghz)<\/td>\n<\/tr>\n<td width=\"1034\">Criptografia WEP, WPA e WPA2<\/td>\n<tr>\n<td colspan=\"2\" width=\"2068\"><b>INTERFACE<\/b><\/td>\n<\/tr>\n<tr>\n<td width=\"1034\">Ethernet<\/td>\n<td width=\"1034\">1*10\/100Mb Porta de Rede RJ45 LAN<\/td>\n<\/tr>\n<tr>\n<td width=\"1034\">USB<\/td>\n<td width=\"1034\">1*USB 2.0 (para atualiza\u00e7\u00e3o de software \/ recupera\u00e7\u00e3o de Sistema Operacional)<\/td>\n<\/tr>\n<tr>\n<td width=\"1034\">DEBUG<\/td>\n<td width=\"1034\">1* Porta (Protocolo RS232)<\/td>\n<\/tr>\n<tr>\n<td width=\"1034\">Reset<\/td>\n<td width=\"1034\">1*Bot\u00e3o<\/td>\n<\/tr>\n<tr>\n<td width=\"1034\">Conector de Alimenta\u00e7\u00e3o<\/td>\n<td width=\"1034\">1*Conector de 3 Pinos<\/td>\n<\/tr>\n<tr>\n<td width=\"1034\">Cart\u00e3o SIM\/R-UIM<\/td>\n<td width=\"1034\">1 ~ 2 Slot<\/td>\n<\/tr>\n<tr>\n<td colspan=\"2\" width=\"2068\"><b>CARACTER\u00cdSTICAS<\/b><\/td>\n<\/tr>\n<tr>\n<td width=\"1034\">Seguran\u00e7a<\/td>\n<td width=\"1034\">Filtros IP, Dom\u00ednio e MAC e Lista de Banda<\/td>\n<\/tr>\n<tr>\n<td colspan=\"2\" width=\"2068\">Suporta aplica\u00e7\u00f5es Web<\/p>\n<p>P\u00e1gina da WEB din\u00e2mica em PHP (PHP5.5), suporta SQLite<\/p>\n<p>Tr\u00e1fego de reprodu\u00e7\u00e3o de m\u00eddia Local: suporta 60 usu\u00e1rios<\/p>\n<p>(@480P * 512Kbps)<\/td>\n<\/tr>\n<\/tbody>\n<\/table>\n<table width=\"2064\">\n<tbody>\n<tr>\n<td colspan=\"2\" width=\"2064\">Suporta AT, LCP, ICMP, detec\u00e7\u00e3o de fluxo DHCP,<\/p>\n<p>SFTP (atualiza o conte\u00fado do disco r\u00edgido),<\/p>\n<p>Controle de Banda, Redirecionamento de URL<\/td>\n<\/tr>\n<tr>\n<td colspan=\"2\" width=\"2064\">Auto verifica\u00e7\u00e3o de seguran\u00e7a, S. O. com Arquitetura de Separa\u00e7\u00e3o<\/td>\n<\/tr>\n<tr>\n<td width=\"1032\">Extens\u00e3o de Desenvolvimento<\/td>\n<td width=\"1032\">Suporta desenvolvimento secund\u00e1rio baseado em interface aberta e desenvolvimento de aplicativos para clientes, com atualiza\u00e7\u00e3o rodando independentemente.<\/td>\n<\/tr>\n<tr>\n<td width=\"1032\">Indicadores LED<\/td>\n<td width=\"1032\">Alimenta\u00e7\u00e3o, Alarme, Liga, AP, 3G1, 3G2, DISCO e GPS<\/td>\n<\/tr>\n<tr>\n<td rowspan=\"4\" width=\"1032\">Dispositivo de Gerenciamento<\/td>\n<td width=\"1032\">Local ou Remoto web browser<\/td>\n<\/tr>\n<tr>\n<td width=\"1032\">CLI \/ Telnet<\/td>\n<\/tr>\n<tr>\n<td width=\"1032\">BUS Cloud \u2013 Plataforma de Gerenciamento<\/td>\n<\/tr>\n<tr>\n<td width=\"1032\">SSH<\/td>\n<\/tr>\n<tr>\n<td colspan=\"2\" width=\"2064\"><b>OUTROS PAR\u00c2METROS<\/b><\/td>\n<\/tr>\n<tr>\n<td width=\"1032\">Alimenta\u00e7\u00e3o<\/td>\n<td width=\"1032\">DC 9 ~ 36V<\/td>\n<\/tr>\n<tr>\n<td width=\"1032\">Temperatura<\/td>\n<td width=\"1032\">Opera\u00e7\u00e3o: -20\u00b0C ~ +70\u00b0C<\/p>\n<p>Storage: -40\u00b0C ~ +85\u00b0C<\/td>\n<\/tr>\n<tr>\n<td rowspan=\"4\" width=\"1032\">Consumo<\/td>\n<td width=\"1032\">Repouso: 220mA@ + 24Vdc \/ 331mA@ +12Vdc<\/td>\n<\/tr>\n<tr>\n<td width=\"1032\">M\u00f3dulo de Comunica\u00e7\u00e3o Celular Simples:<\/p>\n<p>389mA@ + 24Vdc \/ 751mA@ +12Vdc<\/td>\n<\/tr>\n<tr>\n<td width=\"1032\">M\u00f3dulo de Comunica\u00e7\u00e3o Celular M\u00faltiplo:<\/p>\n<p>&lt;650mA@ + 24Vdc<\/td>\n<\/tr>\n<tr>\n<td width=\"1032\">&lt;10W (M\u00f3dulo Simples 3G\/4G)<\/td>\n<\/tr>\n<tr>\n<td width=\"1032\">Umidade<\/td>\n<td width=\"1032\">10% para 90% (n\u00e3o condensado)<\/td>\n<\/tr>\n<tr>\n<td width=\"1032\">Peso<\/td>\n<td width=\"1032\">600g (com SSD)<\/td>\n<\/tr>\n<tr>\n<td width=\"1032\">Garantia<\/td>\n<td width=\"1032\">12 meses<\/td>\n<\/tr>\n<\/tbody>\n<\/table>\n<\/div>\n<\/div><\/div><div id=\"panel-114-0-0-1\" class=\"so-panel widget widget_sow-button panel-last-child\" data-index=\"1\" ><div\n\t\t\t\n\t\t\tclass=\"so-widget-sow-button so-widget-sow-button-atom-835717ddde76-114\"\n\t\t\t\n\t\t><div class=\"ow-button-base ow-button-align-center\">\n\t<a href=\"http:\/\/gardens-solucoes.com.br\/wifi\/contate-nos\/\" class=\"ow-icon-placement-left ow-button-hover\" \t\t>\n\t\t<span>\n\t\t\t<span class=\"sow-icon-fontawesome sow-fas\" data-sow-icon=\"&#xf095;\"\n\t\tstyle=\"color: #81d742\" \n\t\taria-hidden=\"true\"><\/span>\n\t\t\tEntre em contato conosco e solicite um or\u00e7amento!\t\t<\/span>\n\t<\/a>\n<\/div>\n<\/div><\/div><\/div><\/div><\/div>","protected":false},"excerpt":{"rendered":"<p>MODELO GARDENS H9303 CPU 1GHz Dual Core RAM DDR 1GB Armazenamento 128GB SSD (Extens\u00edvel at\u00e9 512GB) Sistema operacional LINUX Rede Celular WCDMA \/ CDMA EVDO \/ TD-SCDMA \/ TDD-LTE \/ FDD-LTE Padr\u00e3o Ethernet IEEE 802.3 \/ IEEE 802.3u Par\u00e2metros Wi-Fi 802.11b\/g\/n (2.4Ghz) &#8211; 802.11a\/n\/ac (5Ghz) Criptografia WEP, WPA e WPA2&hellip; <\/p>\n","protected":false},"author":1,"featured_media":0,"parent":42,"menu_order":0,"comment_status":"closed","ping_status":"closed","template":"template-fullwidth.php","meta":[],"_links":{"self":[{"href":"https:\/\/gardens-solucoes.com.br\/wifi\/wp-json\/wp\/v2\/pages\/114"}],"collection":[{"href":"https:\/\/gardens-solucoes.com.br\/wifi\/wp-json\/wp\/v2\/pages"}],"about":[{"href":"https:\/\/gardens-solucoes.com.br\/wifi\/wp-json\/wp\/v2\/types\/page"}],"author":[{"embeddable":true,"href":"https:\/\/gardens-solucoes.com.br\/wifi\/wp-json\/wp\/v2\/users\/1"}],"replies":[{"embeddable":true,"href":"https:\/\/gardens-solucoes.com.br\/wifi\/wp-json\/wp\/v2\/comments?post=114"}],"version-history":[{"count":12,"href":"https:\/\/gardens-solucoes.com.br\/wifi\/wp-json\/wp\/v2\/pages\/114\/revisions"}],"predecessor-version":[{"id":200,"href":"https:\/\/gardens-solucoes.com.br\/wifi\/wp-json\/wp\/v2\/pages\/114\/revisions\/200"}],"up":[{"embeddable":true,"href":"https:\/\/gardens-solucoes.com.br\/wifi\/wp-json\/wp\/v2\/pages\/42"}],"wp:attachment":[{"href":"https:\/\/gardens-solucoes.com.br\/wifi\/wp-json\/wp\/v2\/media?parent=114"}],"curies":[{"name":"wp","href":"https:\/\/api.w.org\/{rel}","templated":true}]}}